{"id":4445,"date":"2021-01-17T11:26:38","date_gmt":"2021-01-17T11:26:38","guid":{"rendered":"https:\/\/mlv-zh.ch\/?page_id=4445"},"modified":"2022-08-11T08:29:51","modified_gmt":"2022-08-11T08:29:51","slug":"aus-der-adl-kueche","status":"publish","type":"page","link":"https:\/\/mlv-zh.ch\/?page_id=4445","title":{"rendered":"Aus der AdL-K\u00fcche"},"content":{"rendered":"\n<p>Hier ver\u00f6ffentlichen wir Beitr\u00e4ge zu erprobter &#8211; und meist gelungener &#8211; AdL-Praxis. Wir freuen uns auf deine Beitr\u00e4ge dazu!<\/p>\n\n\n\n<hr class=\"wp-block-separator has-css-opacity is-style-wide\"\/>\n\n\n\n<p><a href=\"https:\/\/mlv-zh.ch\/?page_id=4517\">Gute Aufgaben<\/a><\/p>\n\n\n\n<p><a href=\"https:\/\/mlv-zh.ch\/?page_id=4719\">Atelier<\/a><\/p>\n\n\n\n<p><a href=\"https:\/\/mlv-zh.ch\/?page_id=4797\">Leseprojekt Mittelstufe &#8211; Grundstufe<\/a><\/p>\n\n\n\n<p><a href=\"https:\/\/mlv-zh.ch\/?page_id=4750\">NMG Planungs- und Umsetzungshilfen<\/a><\/p>\n\n\n\n<p><a href=\"https:\/\/mlv-zh.ch\/?page_id=4823\">Textsorte: \u00abWeiter erz\u00e4hlen\u00bb<\/a><\/p>\n\n\n\n<p><a href=\"https:\/\/mlv-zh.ch\/?page_id=4909\">Energie 1.-6. Klasse<\/a><\/p>\n","protected":false},"excerpt":{"rendered":"<p>Hier ver\u00f6ffentlichen wir Beitr\u00e4ge zu erprobter &#8211; und meist gelungener &#8211; AdL-Praxis. Wir freuen uns auf deine Beitr\u00e4ge dazu! Gute Aufgaben Atelier Leseprojekt Mittelstufe &#8211; Grundstufe NMG Planungs- und Umsetzungshilfen Textsorte: \u00abWeiter erz\u00e4hlen\u00bb Energie 1.-6. Klasse<\/p>\n","protected":false},"author":4,"featured_media":0,"parent":0,"menu_order":0,"comment_status":"closed","ping_status":"closed","template":"","meta":{"footnotes":""},"class_list":["post-4445","page","type-page","status-publish","hentry"],"_links":{"self":[{"href":"https:\/\/mlv-zh.ch\/index.php?rest_route=\/wp\/v2\/pages\/4445","targetHints":{"allow":["GET"]}}],"collection":[{"href":"https:\/\/mlv-zh.ch\/index.php?rest_route=\/wp\/v2\/pages"}],"about":[{"href":"https:\/\/mlv-zh.ch\/index.php?rest_route=\/wp\/v2\/types\/page"}],"author":[{"embeddable":true,"href":"https:\/\/mlv-zh.ch\/index.php?rest_route=\/wp\/v2\/users\/4"}],"replies":[{"embeddable":true,"href":"https:\/\/mlv-zh.ch\/index.php?rest_route=%2Fwp%2Fv2%2Fcomments&post=4445"}],"version-history":[{"count":4,"href":"https:\/\/mlv-zh.ch\/index.php?rest_route=\/wp\/v2\/pages\/4445\/revisions"}],"predecessor-version":[{"id":4914,"href":"https:\/\/mlv-zh.ch\/index.php?rest_route=\/wp\/v2\/pages\/4445\/revisions\/4914"}],"wp:attachment":[{"href":"https:\/\/mlv-zh.ch\/index.php?rest_route=%2Fwp%2Fv2%2Fmedia&parent=4445"}],"curies":[{"name":"wp","href":"https:\/\/api.w.org\/{rel}","templated":true}]}}