{"id":4453,"date":"2021-01-17T11:34:30","date_gmt":"2021-01-17T11:34:30","guid":{"rendered":"https:\/\/mlv-zh.ch\/?page_id=4453"},"modified":"2021-01-17T16:19:07","modified_gmt":"2021-01-17T16:19:07","slug":"weiterbildung-zal","status":"publish","type":"page","link":"https:\/\/mlv-zh.ch\/?page_id=4453","title":{"rendered":"Weiterbildung: ZAL"},"content":{"rendered":"\n<p>Der MLV ist Mitglied der ZAL (Z\u00fcrcher Arbeitsgemeinschaft f\u00fcr die Weiterbildung von Lehrpersonen). Alle Mitglieder k\u00f6nnen die Kurse zum reduzierten Tarif besuchen. Das ganze Angebot ist auf der\u00a0<a href=\"https:\/\/www.zal.ch\/angebote\/kurse\/\" target=\"_blank\" rel=\"noreferrer noopener\">Seite von ZAL<\/a>\u00a0zu finden. In den <a href=\"https:\/\/mlv-zh.ch\/?page_id=4411\">Nachrichten<\/a> zeigen wir Hinweise auf aktuelle Angebote.<\/p>\n","protected":false},"excerpt":{"rendered":"<p>Der MLV ist Mitglied der ZAL (Z\u00fcrcher Arbeitsgemeinschaft f\u00fcr die Weiterbildung von Lehrpersonen). Alle Mitglieder k\u00f6nnen die Kurse zum reduzierten Tarif besuchen. Das ganze Angebot ist auf der\u00a0Seite von ZAL\u00a0zu finden. In den Nachrichten zeigen wir Hinweise auf aktuelle Angebote.<\/p>\n","protected":false},"author":4,"featured_media":0,"parent":0,"menu_order":0,"comment_status":"closed","ping_status":"closed","template":"","meta":{"footnotes":""},"class_list":["post-4453","page","type-page","status-publish","hentry"],"_links":{"self":[{"href":"https:\/\/mlv-zh.ch\/index.php?rest_route=\/wp\/v2\/pages\/4453","targetHints":{"allow":["GET"]}}],"collection":[{"href":"https:\/\/mlv-zh.ch\/index.php?rest_route=\/wp\/v2\/pages"}],"about":[{"href":"https:\/\/mlv-zh.ch\/index.php?rest_route=\/wp\/v2\/types\/page"}],"author":[{"embeddable":true,"href":"https:\/\/mlv-zh.ch\/index.php?rest_route=\/wp\/v2\/users\/4"}],"replies":[{"embeddable":true,"href":"https:\/\/mlv-zh.ch\/index.php?rest_route=%2Fwp%2Fv2%2Fcomments&post=4453"}],"version-history":[{"count":4,"href":"https:\/\/mlv-zh.ch\/index.php?rest_route=\/wp\/v2\/pages\/4453\/revisions"}],"predecessor-version":[{"id":4542,"href":"https:\/\/mlv-zh.ch\/index.php?rest_route=\/wp\/v2\/pages\/4453\/revisions\/4542"}],"wp:attachment":[{"href":"https:\/\/mlv-zh.ch\/index.php?rest_route=%2Fwp%2Fv2%2Fmedia&parent=4453"}],"curies":[{"name":"wp","href":"https:\/\/api.w.org\/{rel}","templated":true}]}}