{"id":4719,"date":"2021-09-26T18:00:10","date_gmt":"2021-09-26T18:00:10","guid":{"rendered":"https:\/\/mlv-zh.ch\/?page_id=4719"},"modified":"2021-10-02T05:40:52","modified_gmt":"2021-10-02T05:40:52","slug":"atelier","status":"publish","type":"page","link":"https:\/\/mlv-zh.ch\/?page_id=4719","title":{"rendered":"Atelier"},"content":{"rendered":"\n<p>Kinder lernen von Kindern! Die Kinder der Mittelstufe (5. und 6. Klasse) bieten ihr Atelier zweimal an. Pro Atelier hat es 4 Teilnehmer:innen aus der Grund- und Unterstufe, eine Chef:in und eine Assistent:in. Jedes Atelier besteht aus zwei Teilen. Der erste und zweite Teil findet in der ersten Woche statt. Dann erhalten die Kinder der Mittelstufe R\u00fcckmeldungen, danach m\u00fcssen sie ihre Planung anpassen und ihr Atelier in der zweiten Woche nochmals ver\u00e4ndert durchf\u00fchren. Die Kinder w\u00e4hlen das Thema (Fussball, Tischmanieren, Yoga, Fotoshooting, backen&#8230;) selber, bei der Planung werden sie begleitet. Zeitgef\u00e4ss: 4 Nachmittage plus Vorbereitung.<\/p>\n\n\n\n<p>Ziele: Du kannst j\u00fcngeren Kindern etwas lehren und dabei ihr Alter ber\u00fccksichtigen. Du kannst f\u00fcr eine Gruppe Verantwortung \u00fcbernehmen. Du kannst eine Gruppenaktivit\u00e4t planen und leiten.<\/p>\n\n\n\n<p>Ein Beitrag von <a  href=\"javascript:smae_decode('ZXJpYy5wZXJpc3NldEBnbWFpbC5jb20=');\" >&#069;&#114;&#105;&#099;<\/a>, Gesamtschule Unterstrass<\/p>\n\n\n\n<p><\/p>\n","protected":false},"excerpt":{"rendered":"<p>Kinder lernen von Kindern! Die Kinder der Mittelstufe (5. und 6. Klasse) bieten ihr Atelier zweimal an. Pro Atelier hat es 4 Teilnehmer:innen aus der Grund- und Unterstufe, eine Chef:in und eine Assistent:in. Jedes Atelier besteht aus zwei Teilen. Der erste und zweite Teil findet in der ersten Woche statt. Dann erhalten die Kinder der [&hellip;]<\/p>\n","protected":false},"author":3,"featured_media":0,"parent":0,"menu_order":0,"comment_status":"closed","ping_status":"closed","template":"","meta":{"footnotes":""},"class_list":["post-4719","page","type-page","status-publish","hentry"],"_links":{"self":[{"href":"https:\/\/mlv-zh.ch\/index.php?rest_route=\/wp\/v2\/pages\/4719","targetHints":{"allow":["GET"]}}],"collection":[{"href":"https:\/\/mlv-zh.ch\/index.php?rest_route=\/wp\/v2\/pages"}],"about":[{"href":"https:\/\/mlv-zh.ch\/index.php?rest_route=\/wp\/v2\/types\/page"}],"author":[{"embeddable":true,"href":"https:\/\/mlv-zh.ch\/index.php?rest_route=\/wp\/v2\/users\/3"}],"replies":[{"embeddable":true,"href":"https:\/\/mlv-zh.ch\/index.php?rest_route=%2Fwp%2Fv2%2Fcomments&post=4719"}],"version-history":[{"count":4,"href":"https:\/\/mlv-zh.ch\/index.php?rest_route=\/wp\/v2\/pages\/4719\/revisions"}],"predecessor-version":[{"id":4739,"href":"https:\/\/mlv-zh.ch\/index.php?rest_route=\/wp\/v2\/pages\/4719\/revisions\/4739"}],"wp:attachment":[{"href":"https:\/\/mlv-zh.ch\/index.php?rest_route=%2Fwp%2Fv2%2Fmedia&parent=4719"}],"curies":[{"name":"wp","href":"https:\/\/api.w.org\/{rel}","templated":true}]}}